 Let a be f(u). Let m(v) = a - 574 + 0*v**3 - v**2 + v + v**3. Give m(0).
3
Let t = -56 + 58. Let u be -3*((-2)/t)/(1/(-3)). Let s(r) = -1 + 0 - 6 - r - 1. What is s(u)?
1
Let m(c) = c**2 - 169*c + 16 + 351*c - 168*c - 4. Determine m(-12).
-12
Let b(l) = -294*l**2 - 301*l**2 + l + 904*l**2 - 304*l**2 + 33 + l**3. Give b(-6).
-9
Let l(v) = 20*v**2 - 2 - 13 + 23 + v - 10. Determine l(1).
19
Let s(b) = -75*b**3 + 154*b**3 - 42 - b - 80*b**3. Determine s(0).
-42
Let k(m) = 2*m - 4. Let g(n) be the first derivative of -7*n**2/2 - 53*n - 24. Let x be g(-8). Calculate k(x).
2
Let w(j) = -5 + 0 - 3*j**2 - j**3 + 2 - 2*j - 2 + 8*j**2. Calculate w(2).
3
Let s(y) = 76*y - 238*y + 0*y**2 + 86*y + 85*y + 2*y**2 - 134. Determine s(-11).
9
Suppose 2*d = -4*o - 2, 27*o - 8 = 25*o. Let g(b) = -b**3 + 11*b**2 - 7. Let y(l) = 6*l**3 - 56*l**2 + l + 34. Let w(u) = 11*g(u) + 2*y(u). What is w(d)?
-27
Let g(w) = -3*w + 115. Let d be ((-3)/(-3))/((-10)/72*(-91)/455). Determine g(d).
7
Let k(h) be the third derivative of -h**4/8 - 5*h**3/3 + 2*h**2 - 4*h. What is k(-11)?
23
Let g be ((-5)/(-15))/(1/1167). Let b(a) = a - g*a**2 + 386*a**2 - 4*a. Calculate b(-3).
-18
Let v = 2 + 2. Let r(p) = 11*p**2 + 4*p + 4. Let i(k) = -k**3 + 3*k**2 + 7*k - 14. Let x be i(2). Let g(n) = -3*n**2. Let l(q) = x*g(q) + r(q). Calculate l(v).
4
Let f(c) be the third derivative of 5*c**4/8 + 61*c**3/2 + 728*c**2 - 8. What is f(-13)?
-12
Suppose -28 = -37*p + 157. Let h(i) = -i**3 + 8*i**2 - 8*i + 12. Give h(p).
47
Let h(z) = 4*z - 29. Let c(q) = 21*q - 146. Let y(g) = -2*c(g) + 11*h(g). Let l = 317429 + -317416. Calculate y(l).
-1
Suppose -d - 13*s + 16*s = 21, 5*d + 2*s = -105. Let w(j) = -j**3 - 20*j**2 + 20*j - 22. Determine w(d).
-1
Suppose 2*x - o - 2 = 0, 0*x + 2*o + 4 = 3*x. Let i(s) = s - 13. Determine i(x).
-13
Suppose -7*l + 36 = -48. Let w(b) = -b**3 + 14*b**2 - 11*b + 4. Let z be w(13). Let n(x) = -z + 15 + l + x. Give n(0).
-3
Let x = 22 - 22. Suppose -6*l = -x*l - 594. Let m(r) = -99 + l - 4*r. Calculate m(2).
-8
Let r(v) = 2*v**2 + 69*v - 37. Let c = -7936 - -7901. What is r(c)?
-2
Let j(w) = w + 2. Suppose 5*l - 4*l - 3*z + 5 = 0, -27 = -5*l + 2*z. Suppose -2*y - 16 = 4*r, -15 = l*r - 4*r + 3*y. What is j(r)?
-1
Let t(y) = -y**2 - 8*y + 1. Suppose 0 = -4*d + 3*l - 0*l + 81, 0 = -5*l - 15. Suppose -565*f + d = -567*f. What is t(f)?
-8
Suppose -54*z = 7 + 47. Let w(o) = 5*o**2 - 2*o. Calculate w(z).
7
Let v(g) be the first derivative of g**3/3 + 5*g**2/2 + 17*g + 1463. Determine v(-4).
13
Let z(w) = -w**3 + 5*w**2 - 6*w + 5. Let u be 6/(-3)*2 - (-3 + 94). Let x be (-4)/(-18) + 28*u/(-180). Suppose x*v - v = 56. Determine z(v).
-3
Let q(i) = 99*i**2 + 28*i + 11. Let x(m) = 89*m**2 + 26*m + 10. Let y(o) = -9*q(o) + 10*x(o). Suppose -9 = -3*f - 5*c - 2, 2*c + 2 = 0. Calculate y(f).
17
Let i(k) = -4*k - 2. Let m(a) = 17*a + 7. Let r(y) = -21*i(y) - 6*m(y). Suppose -5*t - 11 = 4*h, h - 13 = -5*t + 3*h. Calculate r(t).
-18
Let v(o) = -24*o**3 - 78*o**2 - o + 138. Let z(k) = -17*k**3 - 52*k**2 - k + 92. Let w(d) = -5*v(d) + 7*z(d). What is w(-26)?
6
Let m(s) = -s**3 - 4*s**2 + 3*s - 3. Suppose -t - 24*w = -22*w - 4, -45 = -3*t + 5*w. Suppose 80 + t = -15*r. Determine m(r).
51
Let s(i) = 114*i - 192. Let q(d) = 30*d - 48. Let b(z) = 15*q(z) - 4*s(z). Give b(7).
6
Suppose 4*o + 20*c = 18*c - 20, 3*c + 24 = -4*o. Let x(i) = -49*i + 5. What is x(o)?
152
Let f(n) = -5*n**2 + 77*n + 49. Let u be f(16). Let l(r) = -12*r**3 + 2*r**2 + r - 2. Determine l(u).
-11
Let i be (-2)/(8/4 - 3). Let z(m) = 5*m**3 + 14*m - 2. Let l(c) = 6*c**3 + 16*c - 2. Let t(k) = -6*l(k) + 7*z(k). Calculate t(i).
-6
Let p(w) = -215*w - 653. Let v be p(-3). Let m(l) = -2*l**3 - 14*l**2 + 19*l + 18. Calculate m(v).
-6
Suppose 0 = 6*j - 6 + 30. Let r(m) be the second derivative of 0 - 18*m - m**3 + 0*m**2 - 1/12*m**4. Determine r(j).
8
Let l(v) = -40 - 44 - 51 + 106 + 16*v + 3*v**2 - 4*v**2. What is l(11)?
26
Let j(r) = r - 36. Let m(u) = -5*u**2 - 209*u - 169. Let i be m(-41). Give j(i).
-41
Let j(f) = 107*f - 325*f - 10 + 106*f + 107*f. Calculate j(-5).
15
Suppose 0 = -7*l - 28, 5*l + 26 = 5*v - 29. Let r(d) = d**2 - 13*d - 6. Calculate r(v).
-48
Let r(i) be the third derivative of 0 - 1/15*i**5 - 1/6*i**3 - 24*i**2 + 1/8*i**4 + 0*i. Suppose 0 = 5*g - 10*g + 10. Determine r(g).
-11
Suppose 5*q + 10 = 0, q - 16 = -2*c + 5*q. Suppose 0 = 5*j + v + 23, -4*v - 1 = j - c. Let l(k) = 11*k - 26085 - 15*k + 26086 + 9*k. Give l(j).
-24
Suppose -10*w - 16 = -86. Let r = 27 + -10. Let g(y) = -r + 33 - 11 + y. Give g(w).
12
Let z(v) = v**3 + 4*v**2 + v + 1. Let c(m) = m + 22. Let b be c(-5). Suppose -5*w + 0*f = f + b, 2*f + 6 = -3*w. Determine z(w).
-3
Let p(y) = -45*y**3 + 11*y**2 - 3*y - 5. Let d(o) = 22*o**3 - 5*o**2 + o + 2. Let b be 6/5*(27/6 + -2). Let n(f) = b*p(f) + 7*d(f). Give n(-1).
-20
Let d(c) = 235 - 2*c**2 - 3*c + 185 - 426. Suppose 12 = -4*j + n, j + 0*n = 4*n + 12. Determine d(j).
-26
Let h(b) = 7*b - 8. Let f be (2*-9*26/351)/((-4)/6). What is h(f)?
6
Let d(v) be the third derivative of -v**3 - 30*v**2 + 1/12*v**4 + 0 + 0*v. Determine d(3).
0
Suppose -45 = f - 47. Suppose -3 = -f*l + 3. Suppose -4*m - 2*t = -16, 0*m = -l*m + 5*t - 14. Let j(g) = -g**3 + g**2 - 2*g + 1. Calculate j(m).
-7
Let w(i) = -12*i**2 + i - 2. Let g(x) = -3*x**2 + 68*x - 46. Let z be g(22). Give w(z).
-52
Let p(k) = -3*k**2 + 1279346 + 5*k + 5*k**2 - 1279367. Determine p(3).
12
Let z = -14 + 5. Let x(i) = 2*i**2 + 6*i. Let r be x(-5). Let y(g) = -2*g - g**3 - 6*g + r*g**2 + 6 - 30*g**2. Determine y(z).
-3
Let u(g) = 2*g**3 + 53*g**2 + 26*g + 32. Suppose -260*y + 255*y = -l + 132, 0 = -y + 3*l - 32. What is u(y)?
32
Let i(x) = 681*x - 51 - 85 - 665*x. What is i(9)?
8
Let x(q) = q**2 - 2*q - 12. Let r be 2 + 6 - (15 + -3). Calculate x(r).
12
Let p(v) = -3 + 2*v - v - 2*v. Let i be 1*(0/(-3) - -22). Suppose -j + i = 27. Calculate p(j).
2
Let a = 12900 + -12898. Let n(q) be the third derivative of -24*q**a + 1/30*q**5 + 1/30*q**6 + 0 - 1/6*q**3 + 0*q**4 + 0*q. What is n(1)?
5
Suppose 0 = 2*t + 4*l + 10 - 2, -t + 3*l + 16 = 0. Let s(w) be the first derivative of 4/3*w**3 + w - 1/2*w**2 - 1/4*w**t - 4. What is s(4)?
-3
Let x(f) = f**3 - 4*f**2 + f - 2. Let y = -47 + 51. Suppose 5 = -t, -d = 4*d - y*t - 30. Suppose 4*w - 14 = d. Give x(w).
2
Let t(k) be the second derivative of k**3/3 + 5*k**2/2 - k - 182. Calculate t(-6).
-7
Let s(t) = -6*t + 133. Let u(l) = -l**3 + l**2 - l + 22. Let n be u(0). Let o be s(n). Let r(y) = -3*y**2. Give r(o).
-3
Let c = 322 + -306. Let i(g) = -1 + 2 + c*g + g**2 + 10*g - 23*g. Calculate i(-3).
1
Let r = -528/17 - -1107/34. Let a(n) be the second derivative of -1/12*n**4 - r*n**2 + 0 + n**3 + 11*n. What is a(5)?
2
Let g be 0 + 0 + 27/(-6) + (-660)/(-120). Let r(x) = -15*x**2 + 7*x + 1. Calculate r(g).
-7
Let q = -19788 - -19775. Let g(r) = r**2 + 15*r + 16. What is g(q)?
-10
Let u(p) = p + 9. Let w be 1/((-5)/40*-1). Suppose -w*i + 35 = 123. Determine u(i).
-2
Let v(y) be the second derivative of y**6/720 - 7*y**5/40 - y**4/12 - 11*y**2/2 - 39*y. Let m(c) be the third derivative of v(c). Determine m(16).
-5
Suppose f - 3*v + 17 = 13, v - 58 = -3*f. Let b(p) = -10*p + 183. What is b(f)?
13
Let q(h) be the first derivative of -21 - 1/24*h**4 + 0*h**3 - 29/2*h**2 + 0*h. Let d(s) be the second derivative of q(s). Give d(3).
-3
Let l(n) = 6 + 5 - 15 + 8 - 13*n + 4. Give l(6).
-70
Let w = -1531 + 1534. Let j(x) be the third derivative of x**6/120 - x**5/30 + 2*x**3/3 - 4*x**2. Let m(v) be the first derivative of j(v). What is m(w)?
15
Let d be 3 + -4 + 3 - 2. Let x be (-1)/(2/(d - 4)). Suppose z - x = -z. Let n(q) = 5*q**2 + q. What is n(z)?
6
Let h = 37 - 25. Let z(i) = -8*i + h - 3*i**2 - 5*i**2 - i**3 - 16. Let o(c) = -2*c**2 + 18*c + 13. Let v be o(10). Give z(v).
3
Suppose 0 = -0*q - 3*q. Suppose -3*k = a - 4*a - 165, -2*k + 94 = 2*a. Let r(o) = k - 40 - 7*o + 8*o - o**2. What is r(q)?
11
Suppose 14*a + 5013 - 4761 = 0. Let u(v) = -2*v**2 - 35*v + 18. Determine u(a).
0
Let r(u) be the second derivative of -5*u**4/12 - 7*u**3/3 + 905*u. Calculate r(-3).
-3
Let q(l) = -l**2 - 274*l - 8565. Let d be q(-238). Let o(m) = -3*m + 1. Let c(z) = z. Let t(h) = -4*c(h) - o(h). Give t(d).
-4
Suppose 31*c - 75 - 13 = -1